{"id":7,"date":"2021-04-17T19:17:14","date_gmt":"2021-04-17T17:17:14","guid":{"rendered":"http:\/\/coachingkryzysowy.com\/?page_id=7"},"modified":"2021-04-25T14:18:21","modified_gmt":"2021-04-25T12:18:21","slug":"home","status":"publish","type":"page","link":"http:\/\/coachingkryzysowy.com\/","title":{"rendered":"Home"},"content":{"rendered":"\n<div style=\"height:50px\" aria-hidden=\"true\" class=\"wp-block-spacer\"><\/div>\n\n\n\n<div class=\"wp-block-columns is-layout-flex wp-container-core-columns-is-layout-9d6595d7 wp-block-columns-is-layout-flex\">\n<div class=\"wp-block-column is-layout-flow wp-block-column-is-layout-flow\" style=\"flex-basis:100%\">\n<div class=\"wp-block-cover aligncenter\" style=\"min-height:400px;aspect-ratio:unset;\"><img loading=\"lazy\" decoding=\"async\" width=\"1920\" height=\"1280\" class=\"wp-block-cover__image-background wp-image-106\" alt=\"\" src=\"http:\/\/coachingkryzysowy.com\/wp-content\/uploads\/2021\/04\/meeting-4403850_1920.jpg\" style=\"object-position:66% 33%\" data-object-fit=\"cover\" data-object-position=\"66% 33%\" srcset=\"http:\/\/coachingkryzysowy.com\/wp-content\/uploads\/2021\/04\/meeting-4403850_1920.jpg 1920w, http:\/\/coachingkryzysowy.com\/wp-content\/uploads\/2021\/04\/meeting-4403850_1920-300x200.jpg 300w, http:\/\/coachingkryzysowy.com\/wp-content\/uploads\/2021\/04\/meeting-4403850_1920-1024x683.jpg 1024w, http:\/\/coachingkryzysowy.com\/wp-content\/uploads\/2021\/04\/meeting-4403850_1920-768x512.jpg 768w, http:\/\/coachingkryzysowy.com\/wp-content\/uploads\/2021\/04\/meeting-4403850_1920-1536x1024.jpg 1536w, http:\/\/coachingkryzysowy.com\/wp-content\/uploads\/2021\/04\/meeting-4403850_1920-930x620.jpg 930w\" sizes=\"auto, (max-width: 1920px) 100vw, 1920px\" \/><div class=\"wp-block-cover__inner-container is-layout-flow wp-block-cover-is-layout-flow\">\n<p class=\"has-text-align-center\"><\/p>\n<\/div><\/div>\n<\/div>\n<\/div>\n\n\n\n<div style=\"height:50px\" aria-hidden=\"true\" class=\"wp-block-spacer\"><\/div>\n\n\n\n<h1 class=\"has-text-align-center wp-block-heading\">Porozmawiajmy o kryzysie<\/h1>\n\n\n\n<div style=\"height:50px\" aria-hidden=\"true\" class=\"wp-block-spacer\"><\/div>\n\n\n\n<div class=\"wp-block-columns is-layout-flex wp-container-core-columns-is-layout-9d6595d7 wp-block-columns-is-layout-flex\">\n<div class=\"wp-block-column is-layout-flow wp-block-column-is-layout-flow\">\n<p>Witaj na mojej stronie. Bardzo si\u0119 ciesz\u0119, \u017ce tu jeste\u015b, poniewa\u017c to oznacza, \u017ce Ciebie tak\u017ce interesuje tematyka kryzysu lub mo\u017ce borykasz si\u0119 z w\u0142asnym kryzysem i szukasz odpowiedzi na dr\u0119cz\u0105ce Ci\u0119 pytania albo po prostu wsparcia. Zapraszam do lektury moich tekst\u00f3w. Mam nadziej\u0119, \u017ce znajdziesz w nich ciekawe informacje lub odrobin\u0119 otuchy.<\/p>\n<\/div>\n<\/div>\n\n\n\n<div class=\"wp-block-buttons is-content-justification-center is-layout-flex wp-block-buttons-is-layout-flex\">\n<div class=\"wp-block-button\"><a class=\"wp-block-button__link has-text-color has-background\" href=\"http:\/\/coachingkryzysowy.com\/index.php\/blog\/\" style=\"border-radius:2px;background-color:#ba0c49;color:#fffffa\">Dowiedz sie wi\u0119cej<\/a><\/div>\n<\/div>\n\n\n\n<p><\/p>\n","protected":false},"excerpt":{"rendered":"<p>Porozmawiajmy o kryzysie<\/p>\n","protected":false},"author":1,"featured_media":0,"parent":0,"menu_order":0,"comment_status":"closed","ping_status":"closed","template":"","meta":{"neve_meta_sidebar":"","neve_meta_container":"","neve_meta_enable_content_width":"on","neve_meta_content_width":100,"neve_meta_title_alignment":"","neve_meta_author_avatar":"","neve_post_elements_order":"","neve_meta_disable_header":"","neve_meta_disable_footer":"","neve_meta_disable_title":"on","_ti_tpc_template_sync":false,"_ti_tpc_template_id":"","footnotes":""},"class_list":["post-7","page","type-page","status-publish","hentry"],"_links":{"self":[{"href":"http:\/\/coachingkryzysowy.com\/index.php\/wp-json\/wp\/v2\/pages\/7","targetHints":{"allow":["GET"]}}],"collection":[{"href":"http:\/\/coachingkryzysowy.com\/index.php\/wp-json\/wp\/v2\/pages"}],"about":[{"href":"http:\/\/coachingkryzysowy.com\/index.php\/wp-json\/wp\/v2\/types\/page"}],"author":[{"embeddable":true,"href":"http:\/\/coachingkryzysowy.com\/index.php\/wp-json\/wp\/v2\/users\/1"}],"replies":[{"embeddable":true,"href":"http:\/\/coachingkryzysowy.com\/index.php\/wp-json\/wp\/v2\/comments?post=7"}],"version-history":[{"count":55,"href":"http:\/\/coachingkryzysowy.com\/index.php\/wp-json\/wp\/v2\/pages\/7\/revisions"}],"predecessor-version":[{"id":329,"href":"http:\/\/coachingkryzysowy.com\/index.php\/wp-json\/wp\/v2\/pages\/7\/revisions\/329"}],"wp:attachment":[{"href":"http:\/\/coachingkryzysowy.com\/index.php\/wp-json\/wp\/v2\/media?parent=7"}],"curies":[{"name":"wp","href":"https:\/\/api.w.org\/{rel}","templated":true}]}}